) = 25*l**3 + 2*l + 2. Give g(-1).
-25
Let u(v) = v**2 + v - 7. Give u(-5).
13
Let x(k) = -k**3 + 14*k**2 - k + 37. Determine x(14).
23
Let q(v) = 54*v + 696. Calculate q(-13).
-6
Let w(b) = b**2 + 29*b + 145. Calculate w(-20).
-35
Let c(t) = -t**3 - 6*t**2 - t - 13. What is c(-5)?
-33
Let p(a) = -a**3 - a**2 + 6*a + 3. Determine p(-4).
27
Let v(s) = -2*s**2 + 49*s - 22. Give v(24).
2
Let t(v) = v**2 + 5*v - 15. Determine t(-9).
21
Let b(h) = 20*h - 61. Determine b(3).
-1
Let y(n) = 6*n - 54. Calculate y(9).
0
Let a(g) = 12*g + 581. Determine a(-48).
5
Let i(p) = 285*p - 1715. What is i(6)?
-5
Let u(a) = -a - 10. Give u(-7).
-3
Let d(y) = y**3 + 2*y**2 - 8*y - 5. Determine d(-5).
-40
Let m(b) = -b + 1. Determine m(-3).
4
Let f(i) = 2*i - 13. Give f(-6).
-25
Let v(p) = p**2 - 2*p - 13. What is v(5)?
2
Let t(n) = 2*n - 9. Calculate t(10).
11
Let i(w) = w**3 + 22*w**2 + 20*w - 1. What is i(-21)?
20
Let g(z) = z**2 - 23*z + 21. Determine g(22).
-1
Let t(r) = -r**2 + 2*r + 27. Calculate t(6).
3
Let j(b) = b**2 + 32*b + 54. Determine j(-30).
-6
Let m(o) = -o**2 + o - 16. Give m(-4).
-36
Let u(h) = -2*h**2 - 38*h - 125. Give u(-4).
-5
Let h(q) = 2*q**3 + 7*q**2 - 48*q + 6. Determine h(-7).
-1
Let a(g) = -g**3 + 3*g**2 - g + 2. Determine a(3).
-1
Let x(w) = 6*w - 119. Determine x(23).
19
Let t(u) = u**2 - 13*u - 32. What is t(15)?
-2
Let y(q) = -q**2 - 14*q - 15. Give y(-12).
9
Let t(p) = 6*p + 37. What is t(-11)?
-29
Let t(m) = m + 20. What is t(0)?
20
Let t(a) = -3*a**2 - 14*a + 9. What is t(-6)?
-15
Let r(g) = -8*g**2 + 1. Give r(-1).
-7
Let t(w) = -w**3 - 24*w**2 + 5*w + 105. Calculate t(-24).
-15
Let b(m) = m**2 - 7*m + 15. Determine b(5).
5
Let m(s) = s + 9. Calculate m(5).
14
Let h(d) = 2*d**3 - 20*d**2 + 42*d + 2. Give h(6).
-34
Let z(i) = -i**3 - i**2 + 15*i + 9. Calculate z(-4).
-3
Let q(f) = -f**3 + 8*f**2 - 6*f - 10. Calculate q(7).
-3
Let w(a) = -2*a**2 - 4*a + 14. Give w(4).
-34
Let q(p) = p**2 + 24*p + 146. What is q(-13)?
3
Let y(m) = 2*m**2 - 142*m - 931. Calculate y(77).
-7
Let o(b) = -b**3 + 4*b**2 + b + 3. What is o(4)?
7
Let h(y) = y**2 + 14*y + 15. Calculate h(-13).
2
Let u(d) = -6*d - 81. What is u(-13)?
-3
Let n(g) = 4*g + 43. Give n(-13).
-9
Let b(y) = -y**2 - 16*y - 21. Determine b(-11).
34
Let d(n) = -n - 4. Give d(-6).
2
Let k(r) = -9*r**2 - 2*r + 3. Calculate k(-1).
-4
Let i(c) = -2*c**3 - 16*c**2 + 19*c - 5. Determine i(-9).
-14
Let t(w) = w - 7. Calculate t(2).
-5
Let o(t) = -t**2 - 4*t - 3. Determine o(-6).
-15
Let t(h) = 10*h + 28. Calculate t(5).
78
Let m(y) = -y**3 + 2*y**2 + 6*y + 1. Calculate m(4).
-7
Let m(s) = 14*s - 50. Determine m(11).
104
Let b(r) = r**2 - 16*r + 1. Give b(11).
-54
Let s(g) = -8*g - 1. What is s(-5)?
39
Let n(d) = -2*d**2 + 27*d + 7. Determine n(14).
-7
Let l(p) = -2*p - 13. What is l(0)?
-13
Let i(a) = -3*a**2 + 18*a + 17. Calculate i(7).
-4
Let y(v) = v**3 + 8*v**2 + 5*v - 12. Determine y(-7).
2
Let z(j) = 2*j + 11. Determine z(-10).
-9
Let a(r) = r - 48. Give a(23).
-25
Let f(t) = -t**3 + t**2 - t - 2. Determine f(-1).
1
Let a(p) = -p**2 + 4*p + 58. What is a(9)?
13
Let x(k) = k**3 - 35*k**2 - 6*k + 224. What is x(35)?
14
Let z(o) = -o**3 + 20*o**2 - 52*o + 19. Calculate z(17).
2
Let s(j) = 25*j + 151. Determine s(-6).
1
Let k(w) = -w**3 - 5*w**2 + 5*w - 14. Give k(-6).
-8
Let p(k) = 33*k + 1. Give p(1).
34
Let m(h) = -2*h**2 + 4*h + 7. What is m(5)?
-23
Let r(h) = h - 10. Determine r(-15).
-25
Let d(s) = -3*s**3 + 16*s**2 + 11*s + 8. Give d(6).
2
Let o(k) = k**2 + 2*k - 42. Calculate o(6).
6
Let z(m) = 2*m**2 + 9*m + 3. Determine z(-4).
-1
Let t(z) = -17*z + 88. Calculate t(6).
-14
Let l(x) = x - 4. Determine l(2).
-2
Let d(f) = 2*f**2 - 3*f + 3. What is d(-3)?
30
Let o(h) = -84*h + 71. Give o(1).
-13
Let c(p) = 5*p**2 - 61*p - 43. Determine c(13).
9
Let j(x) = 7*x - 17. What is j(6)?
25
Let g(i) = -9*i + 157. Calculate g(17).
4
Let o(s) = -2*s - 11. What is o(-4)?
-3
Let k(x) = -6*x - 35. Determine k(-12).
37
Let y(t) = -5*t - 114. Give y(-22).
-4
Let f(o) = o**2 - 6*o - 27. What is f(12)?
45
Let g(b) = -b**3 - 7*b**2 + b + 1. Calculate g(-7).
-6
Let s(v) = 11*v + 38. Determine s(-4).
-6
Let p(m) = -m**3 - 7*m**2 + 7*m + 52. Give p(-7).
3
Let x(j) = j - 7. Calculate x(2).
-5
Let d(c) = -c**3 + 20*c + 4. Give d(5).
-21
Let g(j) = j**2 + 21*j - 100. Give g(4).
0
Let k(v) = 2*v**2 - 3*v - 11. Give k(3).
-2
Let q(y) = -2*y + 10. What is q(8)?
-6
Let j(q) = q**2 - 7*q - 13. Calculate j(8).
-5
Let g(o) = -o**2 - 16*o - 62. What is g(-10)?
-2
Let i(x) = 2*x**3 - 51*x**2 + 22*x + 68. What is i(25)?
-7
Let a(c) = -c**2 - 3*c + 4. Calculate a(0).
4
Let i(g) = -g**3 - 6*g**2 + g - 4. Calculate i(-6).
-10
Let j(s) = s - 22. What is j(0)?
-22
Let m(z) = z**3 - 3*z**2 + 6*z - 6. Calculate m(3).
12
Let h(d) = -d**3 - 6*d**2 + 29*d - 26. What is h(-10)?
84
Let w(d) = 4*d - 2. Determine w(-2).
-10
Let i(y) = -y**3 - 6*y**2 - 3*y - 13. What is i(-6)?
5
Let b(t) = t**3 + 11*t**2 + 6*t - 9. Determine b(-11).
-75
Let c(z) = -z**2 + 8*z - 6. Determine c(6).
6
Let t(a) = 13*a + 47. Give t(-6).
-31
Let q(g) = -g**3 - 15*g**2 - 10*g - 9. Calculate q(-14).
-65
Let y(x) = -x**3 + 7*x**2 + 5*x. What is y(7)?
35
Let k(p) = 2*p + 3. What is k(-1)?
1
Let x(k) = 2*k**2 - 5*k - 15. Give x(7).
48
Let t(y) = -y + 7. What is t(-5)?
12
Let m(h) = -3*h - 6. Give m(5).
-21
Let y(r) = -r**2 - 8*r + 17. Calculate y(-8).
17
Let w(b) = -b**3 - 8*b**2 + 11*b + 11. Give w(-9).
-7
Let z(d) = -d + 2. Give z(-4).
6
Let i(j) = -j**3 + 15*j**2 - 12*j - 30. What is i(14)?
-2
Let g(s) = 3*s - 17. Calculate g(4).
-5
Let f(d) = -2*d - 12. Determine f(-5).
-2
Let x(n) = n**2 + 5*n - 30. Determine x(-9).
6
Let i(a) = -a**2 + 13*a - 26. What is i(13)?
-26
Let v(s) = -s**2 + 35*s - 75. Calculate v(33).
-9
Let v(p) = -p**3 + 20*p**2 + 68*p + 47. Give v(23).
24
Let o(x) = -3*x**3 + x**2 - 2. Determine o(1).
-4
Let r(d) = -d**3 - 4*d**2 + 5*d + 7. Calculate r(-5).
7
Let y(q) = -q**3 - 10*q**2 - 6*q - 7. Calculate y(-9).
-34
Let s(t) = -12*t**2 - 2*t + 2. Determine s(-2).
-42
Let d(j) = 3*j - 12. Give d(11).
21
Let c(p) = -3*p + 5. Give c(2).
-1
Let b(u) = -u**3 + 14*u**2 - 14*u + 17. Give b(13).
4
Let k(v) = 40*v + 19. Calculate k(-4).
-141
Let i(j) = -3*j**2 - 56*j + 36. What is i(-19)?
17
Let q(y) = y**3 + 4*y**2 - 10*y + 17. What is q(-6)?
5
Let g(j) = 18*j - 43. Calculate g(5).
47
Let m(g) = 2*g**2 + 14*g + 34. What is m(-7)?
34
Let l(o) = -o**3 - 17*o**2 - 22*o + 113. What is l(-15)?
-7
Let l(y) = 4*y**3 + y**2 + 8*y + 11. Calculate l(-2).
-33
Let i(t) = -2*t - 16. What is i(-8)?
0
Let d(m) = -m**3 - 12*m**2 + 11*m - 1. Give d(-13).
25
Let c(n) = 3*n**3 - n**2 + 2*n - 1. Calculate c(-2).
-33
Let k(q) = -3*q**2 - 4*q + 377. Determine k(-12).
-7
Let u(o) = o - 56. Determine u(0).
-56
Let y(t) = 3*t + 37. What is y(0)?
37
Let g(d) = -5*d**3 + 2*d**2 + d - 1. What is g(2)?
-31
Let s(x) = -x**3 + 19*x**2 + 94*x - 54. Determine s(23).
-8
Let a(f) = -11*f + 24. Determine a(2).
2
Let w(f) = -f**2 + f + 1. Calculate w(-1).
-1
Let b(j) = j**2 - 9*j - 39. Determine b(12).
-3
Let z(v) = -v**3 - 4*v**2 + 5*v. What is z(-5)?
0
Let s(w) = -2*w**2 + 3*w - 6. Calculate s(-6).
-96
Let r(u) = 24*u - 117. What is r(5)?
3
Let w(f) = -10*f**2 - 3*f + 3. What is w(-2)?
-31
Let a(p) = p**3 + 5*p**2 - 12*p - 60. Determine a(-6).
-24
Let d(l) = l**3 - 5*l**2 - l + 1. Give d(5).
-4
Let f(w) = -27*w - 29. Determine f(-5).
106
Let r(b) = b**2 - 11*b - 4. Calculate r(11).
-4
Let r(h) = -h**3 + 6*h**2 - 2*h - 2. Calculate r(4).
22
Let n(v) = v**2 + 13*v + 12. What is n(-12)?
0
Let h(a) = a**2 - 10*a + 9. Determine h(12).
33
Let m(j) = j**3 - 2*j**2 - 7*j + 11. What is m(3)?
-1
Let o(d) = 17*d - 7. Give o(2).
27
Let h(p) = -p**2 + 36*p - 264. Calculate h(26).
-4
Let c(s) = 14*s - 6. Determine c(2).
22
Let f(q) = -6*q - 1. What is f(5)?
-31
Let u(r) = -2*r**3 + 12*r**2 - 6*r - 7. Determine u(5).
13
Let t(x) = 7*x**2 - 11*x - 1. What is t(1)?
-5
Let g(n) = n**2 - 10*n + 5. What is g(9)?
-4
Let q(o) = o**3 + 8*o**2 + 4*o - 15. What is q(-7)?
6
Let m(j) = j**3 - 13*j**2 + 16*j + 8. Determine m(12).
56
Let n(i) = -2*i**3 + 10*i**2 - 6*i + 5. Give n(4).
13
Let k(l) = -2*l**2 + 7*l + 1. Determine k(3).
4
Let g(t) = -t**3 - 6*t**2 - 4*t - 7. What is g(-4)?
-23
Let w(a) = 2*a**3